 - 299. Let c = k + 147. Let x be 2/(14/12*49/686). Calculate the greatest common factor of c and x.
24
Let m = 559 + -558. Let d be (2146/(-87))/((-2)/(-3) - m). What is the greatest common divisor of 407 and d?
37
Suppose -2*y = y - 30. Let u = 502 + -138. Suppose -3*x - u = -y*x. What is the highest common divisor of 13 and x?
13
Let a(m) = -m**2 - 3*m + 1735. Let f be a(40). Calculate the greatest common factor of 1230 and f.
15
Suppose -23084 = -10*z + 66006. Calculate the highest common divisor of z and 151.
151
Suppose 0 = 189*k - 573 - 3774. Let c be (-29 + 3 + 3)*-9. What is the greatest common divisor of c and k?
23
Suppose -9*y + 864 = -5*y. Suppose 4*z = z + y. What is the highest common divisor of 12 and z?
12
Suppose s - 83 - 200 = 0. Let y = s - 272. What is the greatest common factor of y and 176?
11
Let h = -93 - -100. Let v be 6/3 + 13 + -14 + 76. What is the highest common factor of v and h?
7
Suppose -5*c = -10, -5*c + 2026 = -8*n + 12*n. Let o be (4/(-2) - -2) + 5. Suppose 3*h - n = -o*h. Calculate the highest common divisor of h and 9.
9
Let x be (-40)/16*7/(105/156). Let n be (x/(-2))/((8 - 3)/5). What is the highest common divisor of n and 299?
13
Let s(t) = t**2 + 3*t - 7. Let p be s(-5). Suppose 2*a - 5*a = -2*q + 15, -4*q = 4*a. What is the greatest common factor of p and q?
3
Let n(h) = -h**3 + 4*h**2 + 11*h - 57. Let y be n(-6). Calculate the greatest common divisor of y and 790.
79
Suppose 4 = -a, -2*a + 128 = 3*j - a. Suppose -65 = 3*g - 92. Suppose g*p = 44*p - 2310. What is the highest common factor of j and p?
22
Let z be (16/3)/(2/9). Let t = -822 - -1050. What is the greatest common factor of z and t?
12
Suppose 2*j - 33 = 3*i, -2*j - i = -3*j + 14. Let y(p) = -59*p + 532. Let w be y(9). Calculate the greatest common divisor of j and w.
1
Let d(o) = o**3 - 4*o**2 + 6*o + 35. Let q be d(8). Let u = 3969 + -2768. Suppose -7*i + u = -q. Calculate the highest common divisor of i and 20.
20
Suppose 86 = -2*i + 76, b + 3*i - 50 = 0. What is the greatest common divisor of 1417 and b?
13
Let d(s) = s**3 - 25*s**2 + 30*s + 39. Let f be d(24). What is the highest common divisor of f and 793?
61
Suppose -3*o - x = -457, 3*o = 3*x - 7*x + 451. Calculate the highest common factor of 272 and o.
17
Suppose 5*q = -n + 3, -3*q + 3*n - 4*n = -1. Let m be (-21)/(-126) + (2 - 2) - 1326/(-36). Calculate the greatest common factor of q and m.
1
Let q(k) = -29*k - 1258. Let x be q(-44). What is the greatest common divisor of 13626 and x?
18
Let a = 4529 + -2129. Suppose 180*p - a = 174*p. Calculate the highest common divisor of 50 and p.
50
Let r(i) = i**3 - 97*i**2 - 99*i + 113. Let n be r(98). Calculate the greatest common divisor of 2715 and n.
15
Let y be ((-3)/4)/(11/(-44)). Let h(k) = k**y + 4*k**2 - 25*k + 4*k - 10 + k. Let w be h(-6). What is the highest common divisor of 19 and w?
19
Let d = 34266 + -34262. Calculate the greatest common divisor of 52 and d.
4
Suppose -2*s = -0*s - 5*l - 6525, 5*s - 16240 = -2*l. Calculate the highest common divisor of s and 260.
130
Let v be (-10)/(-2) + 2 + -7 + -333. Let n = 334 + v. What is the highest common factor of n and 25?
1
Let k be (39 - 0)/(-1)*(-50869)/1677. Calculate the highest common factor of k and 7.
7
Let c = 10945 - 9835. What is the greatest common factor of 15 and c?
15
Suppose 6*x - 8891 = 14173. What is the highest common factor of x and 62?
62
Let r(i) = 29*i**2 - 771*i + 103. Let q be r(27). Calculate the highest common factor of q and 976.
61
Let q = -14 + 313. Let i = 306 + q. What is the highest common divisor of 55 and i?
55
Let a be 2/(-9) - 282/(-54). Let b(z) = 10*z**2 - 5*z. Let y be b(a). What is the highest common factor of y and 9?
9
Suppose 144 = 4*g - 0*g. Suppose 0 = g*s - 42*s + 312. What is the highest common divisor of 52 and s?
52
Let t = -518 + -970. Let d = t + 2340. Calculate the greatest common divisor of d and 12.
12
Suppose 107*s - 872 = 1054. What is the greatest common divisor of 152 and s?
2
Let t be 1/((0 - -1)/10). Suppose -4*g - 58 = 3*l - 9*g, -5*l + g - 82 = 0. Let y be 4/l*-6*t. Calculate the greatest common divisor of 10 and y.
5
Let y = -10008 + 19584. Calculate the greatest common divisor of y and 133.
133
Let w(n) = -n**3 - 6*n**2 - 5*n + 1. Let b be w(-5). Let c(d) = -d**2 + 124*d - 1335. Let a be c(112). Calculate the greatest common factor of b and a.
1
Let s = -6 + 9. Suppose d = -y + 62, s*y = y + 5*d + 110. What is the highest common divisor of y and 45?
15
Let a = -3 + 0. Let k be 281 + -1 - (a - -4). Suppose -119 = -2*v - 57. Calculate the highest common factor of v and k.
31
Let j = -23043 + 27993. Calculate the greatest common divisor of j and 810.
90
Let d = 2347 - 2094. What is the greatest common factor of d and 33?
11
Let q be 40512/90 + 18/(-135). Calculate the greatest common divisor of q and 270.
90
Let v(p) = -3*p**2 - 185*p + 184*p + 9 - p**3 + 6*p**2 + 6. Let w = -10 + 5. Let y be v(w). Calculate the greatest common factor of 20 and y.
20
Let w(h) = -h**3 - 8*h**2 - 9*h + 6. Let s be w(-7). Let c(p) = -2*p**3 + 41*p**2 - 20*p + 24. Let y be c(s). Calculate the highest common factor of 456 and y.
24
Let a(n) = 233*n**3 - n**2 - 8*n + 9. Let w be a(1). Suppose 88 = -3*u + 3*h + 325, 3*u + h - w = 0. What is the highest common factor of 702 and u?
78
Let y = 9 + 0. Let d(f) = 9*f**3 + f**2 - 4*f + 4. Let v be d(2). Calculate the highest common divisor of v and y.
9
Let f(k) = k**2 - k - 5. Let r be 3/18*-9*(-10)/3. Let s be f(r). What is the highest common divisor of s and 645?
15
Suppose -p = -3*g - 3 + 20, 2*p = -2*g + 6. Suppose 0 = -g*m + 20, 3*k + 3*m = -0*k + 30. Calculate the highest common divisor of k and 42.
6
Let j = -5285 - -7733. What is the greatest common divisor of j and 72?
72
Let y = 59 + -60. Let f(g) = 6*g**2 + g - 1. Let n be f(y). Let x be n - -6*(-4)/(-3). Calculate the highest common divisor of 9 and x.
3
Suppose 0 = -10*m + 1718 - 1658. Let a(n) = -4*n + 4*n + n**2 - 4*n + 1. Let b be a(5). Calculate the highest common factor of b and m.
6
Suppose u - 6*u + 16*u = 35816. Calculate the greatest common divisor of u and 88.
88
Let m = 34 + -30. Suppose 4*g + m = -5*d + d, -3*g + 12 = 0. Let a = d - -49. What is the greatest common divisor of a and 33?
11
Let u = -244 + 460. Suppose 8*f = -3*f + 88. Calculate the highest common divisor of f and u.
8
Let k = 714 + -540. Calculate the highest common factor of k and 319.
29
Let h(q) = 102*q - 95. Let y be h(-16). Let p = -1233 - y. Calculate the highest common factor of p and 26.
26
Let b(m) = -14*m**2 + 135*m - 129. Let i be b(8). What is the greatest common factor of 28710 and i?
55
Let l = -12943 + 15803. What is the greatest common divisor of l and 88?
44
Let d(v) = 27*v + 26. Let u be d(20). Suppose 0 = 3*h - u + 416. What is the highest common divisor of 70 and h?
10
Let g = -89 - -428. Let t be (-3)/(-5)*g - 6/(-10). What is the highest common divisor of 12 and t?
12
Suppose 16*o = 14*o - 4*y + 436, y - 1117 = -5*o. Calculate the greatest common divisor of 924 and o.
28
Suppose -4*b = p + 10, -4*p - 8*b + 7*b + 5 = 0. Suppose 0 = g - 5*q - 91, -p*g + 6*g - 269 = q. What is the greatest common factor of 12 and g?
6
Let b(x) = x**3 - 71*x**2 + 33*x + 432. Let r be b(71). What is the highest common divisor of r and 37?
37
Let k = 655 - 1352. Let c = k - -711. Calculate the highest common divisor of c and 35.
7
Let n be ((-42)/18)/((-2)/426). Suppose 11*k - n = 4*k. What is the greatest common factor of 568 and k?
71
Let b(g) = 43*g - 5 + 42*g - 81*g. Let l be b(4). What is the greatest common divisor of l and 286?
11
Suppose -5*s + 21198 - 1805 = 4*n, -2*s = -n + 4832. What is the highest common factor of n and 27?
9
Suppose 5*m = -0*n - 3*n + 165, -2*n + 130 = 4*m. Let o = 468783 + -468705. What is the greatest common factor of m and o?
6
Suppose 6*a - 236 = -17*a + 63. Let j(r) = 12*r**2 + 4*r + 5. Let g be j(5). Calculate the highest common divisor of g and a.
13
Let f be -5 - (-15 - -3)*19*-1. Let i = f - -259. What is the highest common divisor of i and 117?
13
Let x be (22/(-22))/((-1)/(-19)). Let d = 13 + x. Let s be d/14 - 342/(-14). Calculate the highest common factor of s and 216.
24
Let r be (132/(-231) - (-74)/(-42)) + 29